{"id":240,"date":"2024-02-13T14:01:30","date_gmt":"2024-02-13T14:01:30","guid":{"rendered":"https:\/\/websitebuilder-demo.net\/linoor\/?page_id=240"},"modified":"2024-10-03T09:36:38","modified_gmt":"2024-10-03T09:36:38","slug":"kontakt","status":"publish","type":"page","link":"https:\/\/prconsultancy.me\/index.php\/kontakt\/","title":{"rendered":"Kontakt"},"content":{"rendered":"<div class=\"brz-root__container brz-reset-all brz\">{{ brizy_dc_global_blocks position=&#8217;top&#8217; }}<\/p>\n<section id=\"{{placeholder content='e3sgcmFuZG9tX2lkIH19' key='uZKZfVZtIc9w'}}_uZKZfVZtIc9w\" class=\"brz-section brz-css-xrH2d brz-css-kH2QX\">\n<div class=\"brz-section__content brz-section--fullWidth brz-css-aVNZj brz-css-oqifO\" data-brz-custom-id=\"oKCSJTgloZ6L\">\n<div class=\"brz-bg\">\n<div class=\"brz-bg-image\"><\/div>\n<div class=\"brz-bg-color\"><\/div>\n<\/div>\n<div class=\"brz-container brz-css-hJUrj brz-css-vjXJv\">\n<div class=\"brz-row__container brz-css-xzzx7\" data-brz-custom-id=\"uLZ93C5bj3Bv\">\n<div class=\"brz-bg\"><\/div>\n<div class=\"brz-row brz-css-uWn50 brz-css-crNXo\">\n<div class=\"brz-columns brz-css-ufs6f brz-css-lw31c\" data-brz-custom-id=\"gTSXDMBk44Ei\">\n<div class=\"brz-bg\"><\/div>\n<div class=\"brz-column__items brz-css-rEjjt\">\n<div id=\"\" class=\"brz-css-zq81y brz-css-dIsEr brz-wrapper\">\n<div class=\"brz-spacer brz-css-nCv0V brz-css-aiuen\"><\/div>\n<\/div>\n<\/div>\n<\/div>\n<div class=\"brz-columns brz-css-ufs6f brz-css-uNx8h\" data-brz-custom-id=\"gtssI7QyE_qE\">\n<div class=\"brz-bg\"><\/div>\n<div class=\"brz-column__items brz-css-rEjjt brz-css-x1GRF\">\n<div id=\"\" class=\"brz-css-zq81y brz-css-dIsEr brz-css-eiAec brz-wrapper\">\n<div class=\"brz-spacer brz-css-nCv0V brz-css-gasC_\"><\/div>\n<\/div>\n<div id=\"\" class=\"brz-css-zq81y brz-css-yhVlh brz-wrapper\">\n<div class=\"brz-rich-text brz-rich-text__custom brz-css-wd84D\" data-brz-custom-id=\"ricOGDEDRmzs\">\n<div data-brz-translate-text=\"1\">\n<p class=\"brz-tp-xs-heading2 brz-text-lg-center brz-tp-lg-heading2 brz-tp-sm-heading2 brz-css-jQXKg\" data-uniq-id=\"kOxJu\" data-generated-css=\"brz-css-e9L2F\"><span class=\"brz-cp-color8\">KONTAKT<\/span><\/p>\n<\/div>\n<\/div>\n<\/div>\n<div class=\"brz-wrapper-clone brz-css-ex_VV brz-css-tTSHO\">\n<div class=\"brz-d-xs-flex brz-flex-xs-wrap brz-css-dEh7W\" data-brz-custom-id=\"\">\n<div class=\"brz-wrapper-clone__item\" id=\"io6kMV86Zr0s\"><a class=\"brz-a brz-btn brz-css-d00Zn brz-css-bU5v8 brz-css-dEjB3 brz-css-dsFDI\" href=\"\" target=\"_self\" rel=\"noopener\" data-brz-link-type=\"external\" data-brz-custom-id=\"io6kMV86Zr0s\"><svg class=\"brz-icon-svg align-[initial] brz-css-qmWXI\"><use href=\"\/wp-content\/plugins\/brizy\/public\/editor-build\/prod\/editor\/icons\/outline\/tail-right.svg#nc_icon\"><\/use><\/svg><span data-brz-translate-text=\"1\" class=\"brz-span brz-text__editor\" contenteditable=\"false\">HOME<\/span><\/a><\/div>\n<div class=\"brz-wrapper-clone__item\" id=\"wIR0Z7VU4Ylq\"><a class=\"brz-a brz-btn brz-css-d00Zn brz-css-hs55C brz-css-dEjB3 brz-css-uuROB\" href=\"\" target=\"_self\" rel=\"noopener\" data-brz-link-type=\"external\" data-brz-custom-id=\"wIR0Z7VU4Ylq\"><span data-brz-translate-text=\"1\" class=\"brz-span brz-text__editor\" contenteditable=\"false\">KONTAKT<\/span><\/a><\/div>\n<\/div>\n<\/div>\n<\/div>\n<\/div>\n<div class=\"brz-columns brz-css-ufs6f brz-css-oFAbO\" data-brz-custom-id=\"nKCRsGAjAMC3\">\n<div class=\"brz-bg\"><\/div>\n<div class=\"brz-column__items brz-css-rEjjt brz-css-f3wJh\"><\/div>\n<\/div>\n<\/div>\n<\/div>\n<\/div>\n<\/div>\n<\/section>\n<section id=\"{{placeholder content='e3sgcmFuZG9tX2lkIH19' key='cQeAfCSbrfE6'}}_cQeAfCSbrfE6\" class=\"brz-section brz-css-xrH2d\">\n<div class=\"brz-section__content brz-section--boxed brz-css-aVNZj brz-css-zEavO\" data-brz-custom-id=\"nRtXtgsNUsJ5\">\n<div class=\"brz-container brz-css-hJUrj\">\n<div id=\"\" class=\"brz-css-zq81y brz-css-aaxWR brz-wrapper\">\n<div class=\"brz-rich-text brz-rich-text__custom brz-css-wd84D\" data-brz-custom-id=\"a_IKpV4V6jI0\">\n<div data-brz-translate-text=\"1\">\n<p class=\"brz-tp-xs-heading2 brz-tp-sm-heading2 brz-tp-lg-heading2 brz-text-lg-center brz-css-vaFH_\" data-generated-css=\"brz-css-ls9oD\" data-uniq-id=\"qN4y1\"><span class=\"brz-cp-color2,color3,color8\">ADRESA<\/span><\/p>\n<\/div>\n<\/div>\n<\/div>\n<div id=\"\" class=\"brz-css-zq81y brz-css-dIsEr brz-wrapper\">\n<div class=\"brz-spacer brz-css-nCv0V brz-css-g_DFN\"><\/div>\n<\/div>\n<div class=\"brz-row__container brz-css-xzzx7\" data-brz-custom-id=\"mEBXZXPCm6dz\">\n<div class=\"brz-bg\"><\/div>\n<div class=\"brz-row brz-css-uWn50 brz-css-crNXo\">\n<div class=\"brz-columns brz-css-ufs6f brz-css-t7Q0Y\" data-brz-custom-id=\"oCxCNLOn5mLh\">\n<div class=\"brz-bg\"><\/div>\n<div class=\"brz-column__items brz-css-rEjjt\"><\/div>\n<\/div>\n<div class=\"brz-columns brz-css-ufs6f brz-css-nkDWc\" data-brz-custom-id=\"y4nbn08MxGfe\">\n<div class=\"brz-bg\"><\/div>\n<div class=\"brz-column__items brz-css-rEjjt\">\n<div class=\"brz-row__container brz-css-xzzx7\" data-brz-custom-id=\"u0LANHyQdcYW\">\n<div class=\"brz-bg\"><\/div>\n<div class=\"brz-row brz-row--inner brz-css-uWn50 brz-css-crNXo\">\n<div class=\"brz-columns brz-css-ufs6f brz-css-maJps\" data-brz-custom-id=\"hG0ILTRNkLsy\">\n<div class=\"brz-bg\">\n<div class=\"brz-bg-color\"><\/div>\n<\/div>\n<div class=\"brz-column__items brz-css-rEjjt brz-css-akSaB\">\n<div id=\"\" class=\"brz-css-zq81y brz-css-jt9En brz-wrapper\">\n<div class=\"brz-rich-text brz-rich-text__custom brz-css-wd84D\" data-brz-custom-id=\"rFIdY8s2Mg8E\">\n<div data-brz-translate-text=\"1\">\n<p class=\"brz-tp-xs-heading4 brz-tp-sm-heading4 brz-tp-lg-abovetitle brz-css-ihIL_\" data-uniq-id=\"d9dj5\" data-generated-css=\"brz-css-zL5Uq\">PODGORICA, CRNA GORA<\/p>\n<\/div>\n<\/div>\n<\/div>\n<div id=\"\" class=\"brz-css-zq81y brz-css-dIsEr brz-wrapper\">\n<div class=\"brz-spacer brz-css-nCv0V brz-css-hbGht\"><\/div>\n<\/div>\n<div id=\"\" class=\"brz-css-zq81y brz-css-o1FCn brz-wrapper\">\n<div class=\"brz-icon-text brz-css-fPFmK\" data-brz-custom-id=\"qoW_7eV0UZAL\">\n<div class=\"brz-icon__container\" data-brz-custom-id=\"n5cMGBT5E84E\"><span class=\"brz-icon brz-span brz-css-cSFPz brz-css-jK5Wm\"><svg class=\"brz-icon-svg align-[initial]\"><use href=\"\/wp-content\/plugins\/brizy\/public\/editor-build\/prod\/editor\/icons\/glyph\/pin-3.svg#nc_icon\"><\/use><\/svg><\/span><\/div>\n<div class=\"brz-text-btn\">\n<div class=\"brz-rich-text brz-rich-text__custom brz-css-wd84D\" data-brz-custom-id=\"qppfqk9kVxAQ\">\n<div data-brz-translate-text=\"1\">\n<p class=\"brz-tp-lg-paragraph brz-css-rG0tl\" data-generated-css=\"brz-css-oIUZi\" data-uniq-id=\"lZ0Hv\"><a class=\"brz-cp-color7 link--anchor\" href=\"#{{placeholder content='e3sgcmFuZG9tX2lkIH19' key='z1cIQgi6iwQC'}}_z1cIQgi6iwQC\" data-brz-link-type=\"anchor\">Vasa Rai\u010dkovi\u0107a 2A<\/a><\/p>\n<\/div>\n<\/div>\n<\/div>\n<\/div>\n<\/div>\n<div id=\"\" class=\"brz-css-zq81y brz-css-nqssF brz-wrapper\">\n<div class=\"brz-icon-text brz-css-fPFmK\" data-brz-custom-id=\"fcOBIJfqdPKV\">\n<div class=\"brz-icon__container\" data-brz-custom-id=\"yiLLo7micNgo\"><span class=\"brz-icon brz-span brz-css-cSFPz brz-css-rsHXg\"><svg class=\"brz-icon-svg align-[initial]\"><use href=\"\/wp-content\/plugins\/brizy\/public\/editor-build\/prod\/editor\/icons\/glyph\/phone-call.svg#nc_icon\"><\/use><\/svg><\/span><\/div>\n<div class=\"brz-text-btn\">\n<div class=\"brz-rich-text brz-rich-text__custom brz-css-wd84D\" data-brz-custom-id=\"rM1HSAS84X6g\">\n<div data-brz-translate-text=\"1\">\n<p class=\"brz-tp-lg-paragraph brz-css-q270L\" data-uniq-id=\"myPvf\" data-generated-css=\"brz-css-yDUYf\"><a class=\"link--external brz-cp-color7\" style=\"background-color: rgb(255, 255, 255);\" href=\"tel:+38267336333\" data-brz-link-type=\"external\" target=\"_blank\" rel=\"noopener\">+38267336333<\/a><\/p>\n<\/div>\n<\/div>\n<\/div>\n<\/div>\n<\/div>\n<div id=\"\" class=\"brz-css-zq81y brz-css-xXOkf brz-wrapper\">\n<div class=\"brz-icon-text brz-css-fPFmK\" data-brz-custom-id=\"acyzdgUhlAFv\">\n<div class=\"brz-icon__container\" data-brz-custom-id=\"cYaFpPHfI3aY\"><span class=\"brz-icon brz-span brz-css-cSFPz brz-css-bVkEQ\"><svg class=\"brz-icon-svg align-[initial]\"><use href=\"\/wp-content\/plugins\/brizy\/public\/editor-build\/prod\/editor\/icons\/glyph\/email-83.svg#nc_icon\"><\/use><\/svg><\/span><\/div>\n<div class=\"brz-text-btn\">\n<div class=\"brz-rich-text brz-rich-text__custom brz-css-wd84D\" data-brz-custom-id=\"nAhYYszliDKY\">\n<div data-brz-translate-text=\"1\">\n<p class=\"brz-tp-lg-paragraph brz-css-nhYFa\" data-generated-css=\"brz-css-hRHfL\" data-uniq-id=\"skp8r\"><a class=\"link--external brz-cp-color7\" style=\"background-color: rgb(255, 255, 255);\" href=\"info@prconsultancy.me\" data-brz-link-type=\"external\" target=\"_blank\" rel=\"noopener\">info@prconsultancy.me<\/a><\/p>\n<\/div>\n<\/div>\n<\/div>\n<\/div>\n<\/div>\n<div id=\"\" class=\"brz-css-zq81y brz-css-dIsEr brz-wrapper\">\n<div class=\"brz-spacer brz-css-nCv0V brz-css-y40M8\"><\/div>\n<\/div>\n<div class=\"brz-wrapper-clone brz-css-ex_VV brz-css-xQvxN\">\n<div class=\"brz-d-xs-flex brz-flex-xs-wrap brz-css-dEh7W brz-css-k9wee\" data-brz-custom-id=\"\">\n<div class=\"brz-wrapper-clone__item\" id=\"d36GOkl6sc0Y\">\n<div class=\"brz-icon__container\" data-brz-custom-id=\"d36GOkl6sc0Y\"><span class=\"brz-icon brz-span brz-css-cSFPz brz-css-q7cnE\"><svg class=\"brz-icon-svg align-[initial]\"><use href=\"\/wp-content\/plugins\/brizy\/public\/editor-build\/prod\/editor\/icons\/glyph\/logo-linkedin.svg#nc_icon\"><\/use><\/svg><\/span><\/div>\n<\/div>\n<div class=\"brz-wrapper-clone__item\" id=\"l4v_fg2qa6lR\">\n<div class=\"brz-icon__container\" data-brz-custom-id=\"l4v_fg2qa6lR\"><span class=\"brz-icon brz-span brz-css-cSFPz brz-css-qCAIG\"><svg class=\"brz-icon-svg align-[initial]\"><use href=\"\/wp-content\/plugins\/brizy\/public\/editor-build\/prod\/editor\/icons\/glyph\/logo-instagram.svg#nc_icon\"><\/use><\/svg><\/span><\/div>\n<\/div>\n<\/div>\n<\/div>\n<\/div>\n<\/div>\n<\/div>\n<\/div>\n<\/div>\n<\/div>\n<div class=\"brz-columns brz-css-ufs6f brz-css-qR33b\" data-brz-custom-id=\"pgG8noV7HAcB\">\n<div class=\"brz-bg\"><\/div>\n<div class=\"brz-column__items brz-css-rEjjt\"><\/div>\n<\/div>\n<\/div>\n<\/div>\n<div id=\"\" class=\"brz-css-zq81y brz-css-dIsEr brz-wrapper\">\n<div class=\"brz-spacer brz-css-nCv0V brz-css-fb_Qg\"><\/div>\n<\/div>\n<\/div>\n<\/div>\n<\/section>\n<section id=\"{{placeholder content='e3sgcmFuZG9tX2lkIH19' key='z1cIQgi6iwQC'}}_z1cIQgi6iwQC\" class=\"brz-section brz-css-xrH2d\">\n<div class=\"brz-section__content brz-section--boxed brz-css-aVNZj brz-css-zvsrk\" data-brz-custom-id=\"xITuOspi6edT\">\n<div class=\"brz-container brz-css-hJUrj\">\n<div id=\"\" class=\"brz-css-zq81y brz-css-mmLSx brz-wrapper\">\n<div class=\"brz-map brz-map_styles brz-css-oa5jp brz-css-j7SIO\" data-brz-custom-id=\"xnd6ZEsaIkFO\">\n<div class=\"brz-ui-ed-map-content\"><iframe class=\"intrinsic-ignore brz-ui-ed-iframe\" src=\"https:\/\/www.google.com\/maps\/embed\/v1\/place?key=AIzaSyCcywKcxXeMZiMwLDcLgyEnNglcLOyB_qw&amp;q=Vasa Rai\u010dkovi\u0107a 2A&amp;zoom=15\" title=\"map\"><\/iframe><\/div>\n<\/div>\n<\/div>\n<\/div>\n<\/div>\n<\/section>\n<section id=\"{{placeholder content='e3sgcmFuZG9tX2lkIH19' key='lRGCMhFwgCdU'}}_lRGCMhFwgCdU\" class=\"brz-section brz-css-xrH2d\">\n<div class=\"brz-section__content brz-section--boxed brz-css-aVNZj brz-css-fwOwV\" data-brz-custom-id=\"v1ottaQPH2VZ\">\n<div class=\"brz-container brz-css-hJUrj\">\n<div id=\"\" class=\"brz-css-zq81y brz-css-gvQFi brz-wrapper\">\n<div class=\"brz-rich-text brz-rich-text__custom brz-css-wd84D\" data-brz-custom-id=\"kzBZoEYkixxx\">\n<div data-brz-translate-text=\"1\">\n<p class=\"brz-text-lg-center brz-tp-lg-heading2 brz-tp-sm-heading2 brz-tp-xs-heading2 brz-css-nTAkK\" data-uniq-id=\"fpAg4\" data-generated-css=\"brz-css-xWYAn\"><span class=\"brz-cp-color2\">Kontaktirajte nas <\/span><\/p>\n<\/div>\n<\/div>\n<\/div>\n<div id=\"\" class=\"brz-css-zq81y brz-css-dIsEr brz-wrapper\">\n<div class=\"brz-spacer brz-css-nCv0V brz-css-k3TWA\"><\/div>\n<\/div>\n<div id=\"\" class=\"brz-css-zq81y brz-css-wf2OT brz-wrapper\">\n<div data-brz-form-version=\"2\" class=\"brz-forms2 brz-css-dnI1P brz-css-t2af8\" data-brz-custom-id=\"efgT5ZETSfpi\">\n<form class=\"brz-form brz-d-xs-flex brz-flex-xs-wrap\" novalidate=\"\" action=\"{{brizy_dc_ajax_url}}?nonce={{editor_nonce showfor='authenticated_user' action='brizy-api'}}&amp;action=brizy_submit_form\" data-brz-form-id=\"efgT5ZETSfpi\" data-brz-project-id=\"9c679964cec4d91624256a8a35b76603\" data-brz-success=\"\" data-brz-error=\"\" data-brz-redirect=\"\" data-brz-form-type=\"default\">\n<div data-brz-translate-text=\"1\" class=\"brz-forms2__item brz-css-x4zBN brz-css-srD_7 brz-css-hmA2E brz-css-yjkuU\"><input type=\"text\" id=\"nV4mBvHSVJLK_{{placeholder content='e3sgcmFuZG9tX2lkIH19' key='crsH7QCjb9EB'}}\" name=\"crsH7QCjb9EB\" placeholder=\"Ime\" required=\"\" data-brz-type=\"Text\" data-brz-label=\"Ime\" data-brz-placeholder=\"Ime\" class=\"brz-input brz-forms2__field brz-forms2__field-text\"><\/div>\n<div data-brz-translate-text=\"1\" class=\"brz-forms2__item brz-css-x4zBN brz-css-srD_7 brz-css-hmA2E brz-css-fTK08\"><input type=\"text\" id=\"z1pVJV0_PPFV_{{placeholder content='e3sgcmFuZG9tX2lkIH19' key='i0HnZu9g16Lg'}}\" name=\"i0HnZu9g16Lg\" placeholder=\"Prezime\" required=\"\" data-brz-type=\"Text\" data-brz-label=\"Prezime\" data-brz-placeholder=\"Prezime\" class=\"brz-input brz-forms2__field brz-forms2__field-text\"><\/div>\n<div data-brz-translate-text=\"1\" class=\"brz-forms2__item brz-css-x4zBN brz-css-srD_7 brz-css-hmA2E brz-css-zUgJd\"><input type=\"tel\" id=\"fyyeeCmCn_ZA_{{placeholder content='e3sgcmFuZG9tX2lkIH19' key='qg_on8c_8WLp'}}\" name=\"qg_on8c_8WLp\" placeholder=\"068805763\" required=\"\" pattern=\"%5B0-9()#&amp;+*-=.%5D+\" data-brz-type=\"Tel\" data-brz-label=\"068805763\" data-brz-placeholder=\"068805763\" class=\"brz-input brz-forms2__field brz-forms2__field-tel\"><\/div>\n<div data-brz-translate-text=\"1\" class=\"brz-forms2__item brz-css-x4zBN brz-css-srD_7 brz-css-hmA2E brz-css-ja3ad\"><input type=\"email\" id=\"lzR6KT9Edce2_{{placeholder content='e3sgcmFuZG9tX2lkIH19' key='j6xu8952jk9Z'}}\" name=\"j6xu8952jk9Z\" placeholder=\"grbovicjelena751@gmail.com\" required=\"\" pattern=\"%5E((%5B%5E%3C%3E%5C(%5C)%5C%5B%5C%5D%5C%5C.,;:%5Cs@%22%5D+(%5C.%5B%5E%3C%3E%5C(%5C)%5C%5B%5C%5D%5C%5C.,;:%5Cs@%22%5D+)*)%7C(%22.+%22))@((%5C%5B%5B0-9%5D%7B1,3%7D%5C.%5B0-9%5D%7B1,3%7D%5C.%5B0-9%5D%7B1,3%7D%5C.%5B0-9%5D%7B1,3%7D%5C%5D)%7C((%5Ba-zA-Z%5C-0-9%5D+%5C.)+%5Ba-zA-Z%5D%7B2,%7D))$\" data-brz-type=\"Email\" data-brz-label=\"grbovicjelena751@gmail.com\" data-brz-placeholder=\"grbovicjelena751@gmail.com\" maxlength=\"255\" class=\"brz-input brz-forms2__field brz-forms2__field-email\"><\/div>\n<div data-brz-translate-text=\"1\" class=\"brz-forms2__item brz-css-x4zBN brz-css-srD_7 brz-css-hmA2E brz-css-bo8NK\"><textarea id=\"iUUIDUtw4gkN_{{placeholder content='e3sgcmFuZG9tX2lkIH19' key='zr8VjtDhJg0B'}}\" name=\"zr8VjtDhJg0B\" placeholder=\"Poruka\" data-brz-type=\"Paragraph\" data-brz-label=\"Poruka\" data-brz-placeholder=\"Poruka\" class=\"brz-textarea brz-forms2__field brz-forms2__field-paragraph\"><\/textarea><\/div>\n<div class=\"brz-forms2 brz-forms2__item brz-forms2__item-button\" data-brz-custom-id=\"efgT5ZETSfpi\"><button class=\"brz-btn brz-btn-submit brz-css-dEjB3 brz-css-kg1hh\" data-brz-custom-id=\"la7J1k1RMbQA\"><span data-brz-translate-text=\"1\" class=\"brz-span brz-text__editor\" contenteditable=\"false\">PO\u0160ALJI PORUKU<\/span><\/button><svg class=\"brz-icon-svg align-[initial] brz-form-spinner brz-invisible brz-ed-animated--spin\"><use href=\"\/wp-content\/plugins\/brizy\/public\/editor-build\/prod\/editor\/icons\/glyph\/circle-02.svg#nc_icon\"><\/use><\/svg><\/div>\n<div class=\"brz-g-recaptcha\" data-sitekey=\"{{recaptcha_site_key}}\" data-size=\"invisible\" data-callback=\"brzFormV2Captcha\"><\/div>\n<\/form>\n<\/div>\n<\/div>\n<\/div>\n<\/div>\n<\/section>\n<p>{{ brizy_dc_global_blocks position=&#8217;bottom&#8217; }}<\/p><\/div>\n<p>    <!-- version:1727948198 --><\/p>\n","protected":false},"excerpt":{"rendered":"<p>{{ brizy_dc_global_blocks position=&#8217;top&#8217; }} KONTAKT HOME KONTAKT ADRESA PODGORICA, CRNA GORA Vasa Rai\u010dkovi\u0107a 2A +38267336333 info@prconsultancy.me Kontaktirajte nas PO\u0160ALJI PORUKU {{ brizy_dc_global_blocks position=&#8217;bottom&#8217; }}<\/p>\n","protected":false},"author":1,"featured_media":0,"parent":0,"menu_order":0,"comment_status":"closed","ping_status":"closed","template":"brizy-blank-template.php","meta":{"footnotes":""},"class_list":["post-240","page","type-page","status-publish","hentry"],"_links":{"self":[{"href":"https:\/\/prconsultancy.me\/index.php\/wp-json\/wp\/v2\/pages\/240","targetHints":{"allow":["GET"]}}],"collection":[{"href":"https:\/\/prconsultancy.me\/index.php\/wp-json\/wp\/v2\/pages"}],"about":[{"href":"https:\/\/prconsultancy.me\/index.php\/wp-json\/wp\/v2\/types\/page"}],"author":[{"embeddable":true,"href":"https:\/\/prconsultancy.me\/index.php\/wp-json\/wp\/v2\/users\/1"}],"replies":[{"embeddable":true,"href":"https:\/\/prconsultancy.me\/index.php\/wp-json\/wp\/v2\/comments?post=240"}],"version-history":[{"count":19,"href":"https:\/\/prconsultancy.me\/index.php\/wp-json\/wp\/v2\/pages\/240\/revisions"}],"predecessor-version":[{"id":901,"href":"https:\/\/prconsultancy.me\/index.php\/wp-json\/wp\/v2\/pages\/240\/revisions\/901"}],"wp:attachment":[{"href":"https:\/\/prconsultancy.me\/index.php\/wp-json\/wp\/v2\/media?parent=240"}],"curies":[{"name":"wp","href":"https:\/\/api.w.org\/{rel}","templated":true}]}}